tive of 25*t**5/12 + t**4/6 + 2*t**3/3 - 18*t**2. List the prime factors of n(-1).
5
Let m(j) = 3*j**2 + 12*j + 14. Let d be m(-7). Let a = d - -1. What are the prime factors of a?
2, 3, 13
What are the prime factors of ((-184)/(-16))/((-2)/(-28))?
7, 23
Let c = -32 + 37. Suppose -c = -0*r + r, -51 = -k + r. List the prime factors of k.
2, 23
Let s(m) = m**2 - 2. Let i be s(2). Let l be i + -1*(3 + 284). List the prime factors of (2/3)/((-5)/l).
2, 19
Suppose -5*c = -v - 103, 0 = -4*c - 5*v + 35 + 30. List the prime factors of c.
2, 5
Let k be (-1)/(-4) - (-316)/16. Suppose -3*y + 5*c - 67 = 45, 0 = 4*c - k. Let b = y - -53. List the prime factors of b.
2, 3
Let a = -66 - -68. List the prime factors of (a + -1 + 1)*945/14.
3, 5
Let u(l) = -6*l + 7. Let j(m) = -m**2 + 5*m + 16. Let o be j(7). Suppose o*t - 6 = 3*t. What are the prime factors of u(t)?
43
Let r = 3883 - -474. What are the prime factors of r?
4357
Suppose -5*h - 2114 = -5*z + 2126, 2544 = 3*z + 2*h. Suppose 4*r + 244 - z = 0. What are the prime factors of r?
151
Suppose -17*k + 208103 = 32*k. What are the prime factors of k?
31, 137
Let a(d) = 2*d**3 - 8*d**2 - 18*d + 10. List the prime factors of a(10).
2, 5, 103
Let w(f) = f**3 - 2*f + 66. Suppose 0 = 12*v - 10*v. What are the prime factors of w(v)?
2, 3, 11
Suppose -9*y + 4 = -5*y. Let h(q) = 39*q**3 - q**2. What are the prime factors of h(y)?
2, 19
Suppose -3*m + 2*v = 5*v + 48, 2*m + 26 = -5*v. Let n = m - -24. Let x(o) = o**3 - 5*o**2 - 3*o + 9. List the prime factors of x(n).
3
Let x = -93 + 143. Suppose -4*n = n - x. Suppose 7*a + 132 = n*a. What are the prime factors of a?
2, 11
Let w(s) = 3*s - 13. Let v(q) = 10*q - 38. Let r(t) = 4*v(t) - 11*w(t). What are the prime factors of r(7)?
2, 5
Let a(n) = n**2 - 7*n - 5. Let q be a(8). Suppose -2*y + q*i = -14, 3*i - 3 = -3*y + 3. Suppose 10 = 2*z, y*t - z - 41 = 142. List the prime factors of t.
47
Let o be (8/(-6))/((-6)/9). Suppose o*y = 4*y + 4. What are the prime factors of y/5 + (-288)/(-20)?
2, 7
Let v be 125/3*-2*(-12)/8. Let i = 257 - v. List the prime factors of i.
2, 3, 11
Let p be (3 - 0)*4/(-6). Let w(k) be the third derivative of -23*k**4/24 + k**3/6 + 2*k**2 + 12*k. List the prime factors of w(p).
47
Suppose 0 = 52*y + 8380 - 23512. List the prime factors of y.
3, 97
Suppose 426 = m - 672. What are the prime factors of m?
2, 3, 61
List the prime factors of ((-12)/(-8))/((-17)/(-59568)).
2, 3, 73
Let r(f) = -f**3 - f**2 + f + 1. Let v be r(-2). Suppose v*h - 45 = -2*h. What are the prime factors of (-2)/(-6) + 285/h?
2
Let l be 43/9 - (-8)/36. Suppose l*p = 189 + 171. What are the prime factors of p?
2, 3
Let i = -406 + 654. List the prime factors of i.
2, 31
Suppose -2*c = 2*c + 3*r - 45, -2*c - 4*r + 30 = 0. Suppose 17 = c*n - 334. List the prime factors of n.
3, 13
Suppose 30 = 3*o - 3*n, 2*o - 39 = 4*n - 11. List the prime factors of o.
2, 3
List the prime factors of (-11007)/(-18) - (-5)/(-2).
3, 7, 29
Let b(g) = -100*g - 104. List the prime factors of b(-6).
2, 31
Let s be ((-15)/9 - -1)/((-6)/18). Suppose -3*a = s*a - 2*q - 895, -4*q = 0. List the prime factors of a.
179
Let t(p) = 2*p**2 + 3*p - 155. Let u(w) = -4*w**2 - 7*w + 309. Let f(n) = -9*t(n) - 4*u(n). What are the prime factors of f(0)?
3, 53
Let x = -639 + 948. What are the prime factors of x?
3, 103
Let j(b) = -b**3 - 23*b**2 - b + 4. Let n be j(-23). Suppose 5*u + 67 = q - n, 0 = -2*u. What are the prime factors of q?
2, 47
Let a(n) = 2*n**2 - 10*n - 10. Let v(h) = 2*h**2 - 5*h - 3. Let t be v(4). List the prime factors of a(t).
2, 31
Let i(k) = 32*k**2 - 4*k - 13. What are the prime factors of i(-3)?
7, 41
Suppose 0*b + 1560 = 10*b. List the prime factors of b.
2, 3, 13
Suppose -6 = 4*h - 6*h + n, 22 = 2*h + 3*n. Suppose -b + 0*v = -h*v - 34, 4*b + 2*v = 26. Let q = b + 3. What are the prime factors of q?
2, 3
Let c = 113 - 171. Let g = -35 - c. What are the prime factors of g?
23
Suppose -4*m + 4*t + 32 = -0*m, 5*m - 3*t - 36 = 0. Let w(d) = 29*d - 20. List the prime factors of w(m).
2, 7, 11
Let q(w) = w**3 - 13*w**2 - 4*w + 22. List the prime factors of q(15).
2, 103
Let d(o) be the second derivative of o**4/12 - 13*o**3/6 - o**2 - 10*o. What are the prime factors of d(14)?
2, 3
Let f(k) be the first derivative of 2*k**2 - 12*k + 1. Suppose 9*b - b - 72 = 0. List the prime factors of f(b).
2, 3
Let s(f) = -f**3 - 10*f**2 - 5*f - 21. Let i be s(-12). Let o = -176 + i. List the prime factors of o.
151
Suppose -r - 2*r + 18 = 0. Let a be ((-20)/2)/(r + -4). List the prime factors of 16 - (-5)/(a/(-3)).
19
Let k(q) = -q**3 - 13*q**2 - 12*q - 32. What are the prime factors of k(-13)?
2, 31
Let h = -746 + 1181. List the prime factors of h.
3, 5, 29
List the prime factors of (1 + 0)*(-153 + 227).
2, 37
Let g(q) = -q - 9. Let o be g(-11). Suppose i - o*i - 3*x + 16 = 0, 5*i + 2*x - 28 = 0. Suppose i*t = 0, 4*j - j - 93 = -2*t. List the prime factors of j.
31
Let z be 1/2*(-4 - -12). Suppose 3*n - 7 = n + r, 0 = -r + 1. Suppose -z = -c + n. What are the prime factors of c?
2
Let w = 831 + -710. Suppose -5*a - 230 = 125. Let r = w + a. What are the prime factors of r?
2, 5
Let m = -738 + 742. What are the prime factors of m?
2
Let u(w) = -w**3 + w. Let b(g) = 7*g**3 + 6*g**2 + 7. Let a(t) = -b(t) - 6*u(t). List the prime factors of a(-6).
29
Let d(a) = 82*a**2 - 2*a. Let x be d(1). Let p = x - 36. Let y = p - 7. What are the prime factors of y?
37
Suppose 3*z + 277 = 715. Suppose 0 = -3*o - 0*o, z = r + o. What are the prime factors of r?
2, 73
Suppose -2*y = -3*i - 1442, 4884 = 5*y + 5*i + 1229. List the prime factors of y.
727
What are the prime factors of (-4)/(-3) - (8232/(-36) - 8)?
2, 7, 17
Suppose -r + 453 = -4*v, 3*r = -2*v + 61 - 298. Let o = v + 162. What are the prime factors of o?
2, 3
Let y be -4 + 2/(1*(-6)/(-1299)). Let l = y - 251. List the prime factors of l.
2, 89
Let y(o) = -7*o**3 + o**2 - 2*o + 1. Let g be y(-2). Let c(b) = -21*b - 58. Let l be c(-3). Suppose -70 - g = -l*z. List the prime factors of z.
3
Suppose 2*k = -2*g - 10, -g - k = 2*g + 9. Let t be (2 - 1)*59 - g. Suppose 90 = 4*v - 3*m, -v - 2*v - m = -t. What are the prime factors of v?
3, 7
Let w be (-8)/(-14)*126/(-36) + 2. Suppose -q + 2*q + 4 = w, 0 = -3*r + 3*q + 489. What are the prime factors of r?
3, 53
Let a(l) = -l**2 - 5*l - 3. Let z be a(-4). What are the prime factors of 64/z + -4 + 8?
2, 17
Let h = 65 + 37. Let t = h + -20. List the prime factors of t.
2, 41
What are the prime factors of 4/9 - ((-30552)/27 + 3)?
1129
Suppose 10*n + 3*o - 22079 = 6*n, -2*n = 3*o - 11047. What are the prime factors of n?
2, 7, 197
Let c be 142 - ((-4)/(-4) - 1). Let y = c + -4. What are the prime factors of y?
2, 3, 23
Let j(l) = l**3 + 6*l**2 - l - 9*l - 3 - 12 + 2*l. What are the prime factors of j(-6)?
3, 11
Suppose 4*b + j - 102 = 0, -4*b - 3*j + 131 = b. Suppose 4*v - 37 = g, 5*v + 0*v + 3*g = b. What are the prime factors of v?
2
Let p(h) = h - 5. Let b be p(11). Let w be ((-12)/18)/(1/b). Let q(c) = -2*c + 6. List the prime factors of q(w).
2, 7
Let v(z) = -z**3 - 6*z**2 + 19*z - 14. Let k be v(-9). Suppose 0 = 3*m - 86 - k. What are the prime factors of m?
2, 3
Suppose -d = 3*r + 14, -4*d = 2*r - 0*r + 106. Let o = d - -51. Suppose -5*c = -4*m + o + 26, m = c + 11. List the prime factors of m.
7
Let x(a) = 25*a - 214. What are the prime factors of x(17)?
211
Suppose -8 = -q - 3. Suppose -q*l + l + 8 = 0. What are the prime factors of 3/(-3)*(-31 + l)?
29
Suppose 7*z = 4*z - 15, 4*z + 6280 = 5*g. List the prime factors of g.
2, 313
Suppose -983 = 5*r - 6408. What are the prime factors of r?
5, 7, 31
Let g = 1276 - 54. What are the prime factors of g?
2, 13, 47
Suppose 5*n - 33 - 32 = 0. Let v(s) = -2*s**2 + s**2 + 6*s + 5 - 6*s + n*s. List the prime factors of v(7).
47
Let y(m) be the second derivative of m**4/12 - 4*m**3/3 + 9*m**2/2 + 2*m. Let h be y(6). List the prime factors of -1 + h/(6/(-50)).
2, 3
Let k(x) = -203*x - 211. What are the prime factors of k(-22)?
5, 23, 37
Suppose 0 = -8*x + 4191 + 8169. List the prime factors of x.
3, 5, 103
Suppose 59*w - 77611 = 25521. What are the prime factors of w?
2, 19, 23
Let w(o) = -o - 11. Let i(j) = 6. Let d(r) = -5*i(r) - 2*w(r). Let t be d(6). Suppose -x + 18 = 